is divided by 181?
9
Calculate the remainder when 5070 is divided by 94.
88
What is the remainder when 10603 is divided by 294?
19
What is the remainder when 11929 is divided by 11455?
474
What is the remainder when 32163 is divided by 32158?
5
Calculate the remainder when 30796 is divided by 26.
12
Calculate the remainder when 2727 is divided by 501.
222
What is the remainder when 993312 is divided by 34?
2
Calculate the remainder when 9071 is divided by 3012.
35
Calculate the remainder when 545117 is divided by 2810.
2787
Calculate the remainder when 69 is divided by 46.
23
Calculate the remainder when 16323 is divided by 4079.
7
Calculate the remainder when 50333 is divided by 1259.
1232
Calculate the remainder when 6218 is divided by 63.
44
What is the remainder when 55790 is divided by 377?
371
What is the remainder when 42578 is divided by 1065?
1043
What is the remainder when 47231 is divided by 387?
17
Calculate the remainder when 330703 is divided by 45.
43
Calculate the remainder when 4418 is divided by 52.
50
Calculate the remainder when 1481 is divided by 83.
70
Calculate the remainder when 18794 is divided by 322.
118
Calculate the remainder when 1829 is divided by 183.
182
What is the remainder when 71469 is divided by 17841?
105
Calculate the remainder when 429083 is divided by 941.
928
What is the remainder when 2492 is divided by 9?
8
What is the remainder when 17598 is divided by 1056?
702
What is the remainder when 2763 is divided by 923?
917
Calculate the remainder when 1597 is divided by 233.
199
Calculate the remainder when 10060 is divided by 95.
85
Calculate the remainder when 195299 is divided by 46.
29
What is the remainder when 43030 is divided by 42?
22
Calculate the remainder when 16778 is divided by 77.
69
What is the remainder when 2226 is divided by 53?
0
What is the remainder when 385317 is divided by 312?
309
Calculate the remainder when 21799 is divided by 7250.
49
What is the remainder when 176137 is divided by 737?
731
What is the remainder when 43377 is divided by 46?
45
What is the remainder when 2272 is divided by 1840?
432
What is the remainder when 4536 is divided by 74?
22
What is the remainder when 346133 is divided by 4?
1
What is the remainder when 866 is divided by 109?
103
Calculate the remainder when 1075 is divided by 31.
21
What is the remainder when 16831 is divided by 24?
7
What is the remainder when 26963 is divided by 139?
136
What is the remainder when 17151 is divided by 3424?
31
Calculate the remainder when 1695 is divided by 1398.
297
Calculate the remainder when 4046 is divided by 505.
6
Calculate the remainder when 137965 is divided by 101.
100
Calculate the remainder when 43562 is divided by 189.
92
What is the remainder when 3408 is divided by 362?
150
Calculate the remainder when 38331 is divided by 12413.
1092
What is the remainder when 1210942 is divided by 1907?
1904
What is the remainder when 8157 is divided by 3996?
165
What is the remainder when 40151 is divided by 717?
716
What is the remainder when 1587 is divided by 39?
27
Calculate the remainder when 1017 is divided by 56.
9
What is the remainder when 6091 is divided by 130?
111
Calculate the remainder when 489 is divided by 38.
33
What is the remainder when 1563 is divided by 391?
390
What is the remainder when 11677 is divided by 8?
5
What is the remainder when 2171 is divided by 367?
336
What is the remainder when 16471 is divided by 107?
100
Calculate the remainder when 297458 is divided by 556.
554
What is the remainder when 66235 is divided by 13244?
15
Calculate the remainder when 41749 is divided by 22.
15
Calculate the remainder when 87315 is divided by 370.
365
Calculate the remainder when 439981 is divided by 1229.
1228
What is the remainder when 914399 is divided by 45?
44
What is the remainder when 2859403 is divided by 237?
235
What is the remainder when 446697 is divided by 148875?
72
Calculate the remainder when 357780 is divided by 45.
30
Calculate the remainder when 67941 is divided by 22637.
30
What is the remainder when 33254 is divided by 11078?
20
Calculate the remainder when 166 is divided by 32.
6
What is the remainder when 31760 is divided by 663?
599
What is the remainder when 3820 is divided by 491?
383
Calculate the remainder when 2060 is divided by 166.
68
Calculate the remainder when 5288 is divided by 1388.
1124
What is the remainder when 60418 is divided by 27?
19
What is the remainder when 39417 is divided by 56?
49
Calculate the remainder when 24460 is divided by 39.
7
What is the remainder when 228737 is divided by 18?
11
What is the remainder when 13190 is divided by 4391?
17
What is the remainder when 106196 is divided by 53094?
8
What is the remainder when 363091 is divided by 246?
241
Calculate the remainder when 1751009 is divided by 9.
5
What is the remainder when 68276 is divided by 185?
11
Calculate the remainder when 32235 is divided by 32.
11
Calculate the remainder when 21595 is divided by 24.
19
Calculate the remainder when 5204 is divided by 73.
21
Calculate the remainder when 230620 is divided by 16.
12
Calculate the remainder when 6943 is divided by 2297.
52
What is the remainder when 627035 is divided by 62701?
25
Calculate the remainder when 2445 is divided by 2281.
164
What is the remainder when 322585 is divided by 341?
340
What is the remainder when 21123 is divided by 25?
23
What is the remainder when 2717 is divided by 1309?
99
What is the remainder when 289 is divided by 44?
25
Calculate the remainder when 22583 is divided by 18.
11
Calculate the remainder when 388184 is divided by 35.
34
Calculate the remainder when 66448 is divided by 33169.
110
What is the remainder when 7080 is divided by 884?
8
Calculate the remainder when 74924 is divided by 1310.
254
Calculate the remainder when 46846 is divided by 217.
191
What is the remainder when 9356 is divided by 144?
140
Calculate the remainder when 4776 is divided by 396.
24
Calculate the remainder when 18494 is divided by 17.
15
What is the remainder when 226061 is divided by 7?
3
Calculate the remainder when 181 is divided by 133.
48
Calculate the remainder when 106463 is divided by 107.
105
What is the remainder when 3389 is divided by 179?
167
Calculate the remainder when 40009 is divided by 28.
25
Calculate the remainder when 209304 is divided by 163.
12
What is the remainder when 1221 is divided by 173?
10
Calculate the remainder when 415798 is divided by 30.
28
What is the remainder when 1629 is divided by 443?
300
What is the remainder when 667192 is divided by 333592?
8
What is the remainder when 65171 is divided by 275?
271
Calculate the remainder when 40764 is divided by 5809.
101
Calculate the remainder when 244191 is divided by 48838.
1
What is the remainder when 95005 is divided by 720?
685
Calculate the remainder when 5292 is divided by 5147.
145
What is the remainder when 13017 is divided by 305?
207
Calculate the remainder when 408211 is divided by 117.
115
Calculate the remainder when 14654 is divided by 14520.
134
Calculate the remainder when 11552 is divided by 148.
8
What is the remainder when 6276982 is divided by 109?
108
What is the remainder when 598 is divided by 177?
67
What is the remainder when 70550 is divided by 70550?
0
Calculate the remainder when 20682 is divided by 100.
82
Calculate the remainder when 58904 is divided by 237.
128
What is the remainder when 3816 is divided by 42?
36
Calculate the remainder when 5590 is divided by 1367.
122
Calculate the remainder when 55737 is divided by 134.
127
Calculate the remainder when 365 is divided by 365.
0
What is the remainder when 409 is divided by 252?
157
Calculate the remainder when 235867 is divided by 1145.
1142
Calculate the remainder when 3590 is divided by 958.
716
What is the remainder when 6160 is divided by 265?
65
What is the remainder when 695 is divided by 664?
31
What is the remainder when 2431 is divided by 71?
17
What is the remainder when 2382 is divided by 12?
6
What is the remainder when 351 is divided by 235?
116
What is the remainder when 7175 is divided by 90?
65
What is the remainder when 2945 is divided by 495?
470
What is the remainder when 795 is divided by 6?
3
Calculate the remainder when 1246 is divided